 1 - 0 - (5 + -8)?
4
What is the value of 4 - (-4 + -1 + 10 - 3)?
2
6 + -2 - (-1 + 2)
3
What is -13 - (-7 + 1 + (-25 - -23))?
-5
What is -2 - ((0 - 0 - -3) + -1)?
-4
(5 - 1) + 3 + -11
-4
What is 6 + 5 + 16 + -21?
6
What is 2 + 1 - 6 - (28 - 36)?
5
Calculate -4 - (-9 + 10 - 4).
-1
What is the value of -7 + 4 - 2 - -2?
-3
Calculate (-4 - -9) + (-12 - -8).
1
What is the value of -1 + (3 - 1) + -2 - -4?
3
Evaluate 0 - (9 + (6 + -3 - 7)).
-5
Calculate -10 + (5 - 0) + 0.
-5
Calculate 5 + -6 + 5 - 2.
2
Calculate 5 - (0 - 0) - 0.
5
Calculate (-2 - (-1 + -1)) + -2 + 3.
1
What is the value of (7 - (7 - -2)) + 3?
1
7 + (5 - (5 - 0)) - 4
3
5 - (-1 + (-1 - 2 - -11))
-2
What is 7 - 1 - (4 + -4 + 4)?
2
Evaluate 0 + (-5 - (-12 + 7) - -8).
8
What is the value of 5 + (-7 - -4 - (-1 + 1))?
2
Evaluate (-18 - -22) + (1 - (6 - 0)).
-1
Evaluate 3 + (9 + -14 - (0 + -1)).
-1
Evaluate (-5 - -6 - -6) + 2 + -12.
-3
Calculate (4 - 4) + 5 - 8.
-3
Evaluate -6 - (-2 + -3 + 3).
-4
-1 + 3 - (1 - -4 - 1)
-2
Evaluate -4 - (69 + -65 - (-1 - -10)).
1
-7 + -3 + 0 + -8 + 15
-3
(-12 - -12) + 1 + 2
3
Calculate (-3 - -1) + 7 + -22 + 23.
6
What is the value of -4 - (-3 - (0 - 1) - -1)?
-3
Evaluate -3 - (3 + -4 - 1).
-1
What is the value of -2 + (8 - 4) - 10?
-8
What is 0 - ((10 - 0) + -11)?
1
Calculate 12 + -8 - -6 - 21.
-11
(-6 + 2 - -3) + 0 + 4
3
Calculate (1 - 1) + 0 + (-93 - -95).
2
What is the value of (-3 - -5) + (-15 - -11)?
-2
Evaluate (1 - (4 - 2) - -2) + 5.
6
Calculate -4 + (-4 + 2 - (1 - 0)).
-7
What is 7 + 2 + -5 + 2 - 3?
3
1 + (3 - (4 - 0))
0
What is the value of -4 + -2 + -1 + 9?
2
What is 1 + -1 + -91 + 87 + -2?
-6
6 - (6 + -5 + (-1 - -3))
3
What is the value of -6 + 2 + (2 + 0 - 0)?
-2
What is the value of 9 + (-8 - (0 + 5))?
-4
4 - (-6 - (8 + -2 - 7))
9
What is 6 - (7 + (-2 - -1))?
0
Calculate -2 - (-3 + (0 - -3) - -2).
-4
What is the value of 18 + (-3 - 12) - -3?
6
Calculate (11 - 9) + 1 + -1 - -2.
4
What is the value of -2 + -1 - -4 - (9 - 5)?
-3
Evaluate (-3 - (-2 - (0 + -3))) + -1.
-5
-345 - -356 - (1 - (-1 - 3))
6
Evaluate 2 + 4 + -11 - -2.
-3
Calculate 9 - (3 + -2 - (-1 - 2)).
5
14 - (-13 + 21) - 11
-5
Calculate 3 - (3 + (-5 - -3) - -1).
1
What is 12 - (-4 + 19) - -2?
-1
Evaluate (5 + 0 - 6) + 0.
-1
What is 0 - (4 + -1) - -1?
-2
Evaluate (11 - 29) + -2 + 12.
-8
Calculate 5 + -7 + 1 + 5 + -6.
-2
-3 - ((-15 - -21) + 2 + -3)
-8
15 + 1 + 2 - 11
7
What is 0 - (2 - 4) - (-5 + 9)?
-2
2 - 1 - ((29 - 16) + -4)
-8
Evaluate 0 - (1 - (-1 - -2)).
0
What is -2 + 1 + (1 - 3) + 6?
3
Evaluate (2 - 3) + (-8 - -11).
2
What is the value of 0 - 3 - (-3 + 0)?
0
Calculate 7 + (1 - 3) + -5 + 5.
5
What is the value of 0 + 3 - (3 + -3)?
3
6 + 4 + -7 + -1
2
Evaluate 0 + -3 + (4 - -1).
2
Evaluate 12 + -3 - 5 - 3.
1
What is -5 - (10 + -6) - 0?
-9
What is 10 - (0 - -1) - 2?
7
Evaluate 3 + 10 - (7 - -4).
2
-4 + (2 - -4) + 4
6
-8 + (-7 - -20) + -11
-6
Calculate 3 - -3 - (18 + -4) - -5.
-3
What is -9 + -1 + 10 - (2 - 1)?
-1
What is -1 + -6 - -8 - 8?
-7
What is the value of -8 + 6 + 4 + 3 - 14?
-9
What is the value of (-12 - (-7 + 1)) + 8?
2
Calculate (3 - -1) + (4 - 8) - -2.
2
What is -10 - (-11 - 1) - 4?
-2
Calculate 6 + -2 + -4 - -7.
7
Evaluate -1 + (9 - 2) + -9.
-3
Calculate 5 + (-4 - 0) - 3.
-2
What is the value of -8 + 4 + (-2 - -5) - -4?
3
What is 0 + (0 + 1 - (-6 + 10))?
-3
Calculate -5 + (10 - (-5 - (-3 + 0))).
7
Evaluate (1 - 7 - -1) + (-6 - -8).
-3
Evaluate -4 + 2 - (2 - 1 - 4).
1
Evaluate (-13 - -3) + 16 - (0 + 10).
-4
What is the value of -1 + (-2 + 1 - (8 - 4))?
-6
Evaluate 4 + -8 + 2 - (2 - 4).
0
What is -9 + -1 - (24 - 34)?
0
Evaluate 3 - -2 - (5 + -1 + -3).
4
What is the value of -7 + -7 + 12 + 2?
0
Evaluate -2 + (2 - 0) + 4.
4
Calculate -3 + -1 + 0 + 4.
0
Calculate -1 - (2 + -9) - -1.
7
What is 8 - (3 - 3) - (1 - -1)?
6
Calculate (-9 - -6) + 2 + (1 - 2).
-2
3 + (-6 - -2) + -1 + -1
-3
What is 4 + -4 + -6 + 10?
4
Evaluate (3 - (2 - -4)) + 3.
0
Calculate -3 - (-2 - ((-2 - -1) + 0)).
-2
Calculate -14 + 1 + 9 + 6.
2
Calculate -4 + (-1 - (-3 + (-1 - -2))).
-3
What is the value of -1 + 1 - ((2 - 0) + 3)?
-5
Evaluate -8 + 0 - (-6 + 2) - -2.
-2
Evaluate 4 - ((-2 - (-11 + 3)) + -5).
3
21 + 2 + -9 - 7
7
What is (-49 - -49) + (3 - (1 - 0))?
2
-12 + 12 + (0 - 1)
-1
What is -2 - -2 - (-5 - -8) - -6?
3
What is the value of -1 + 5 + 1 - 3?
2
Calculate 1 + (1 - (1 - 3)).
4
Evaluate (1 - -1 - -4) + 0 + -2.
4
What is the value of -4 - (-7 + 3 - 2)?
2
What is the value of 8 - (0 - -3 - -10)?
-5
Evaluate (15 - 21) + (-1 - -4 - 0).
-3
Calculate -4 - ((7 - 5) + -9).
3
What is (-34 - -32) + 1 + 1?
0
68 + -65 - (0 - 7)
10
What is -13 + -5 + 3 - -9?
-6
2 + (-2 - 3) - (-7 - 1)
5
Evaluate (2 + -11 - -2) + (-16 - -18).
-5
What is -5 + (4 - 4) + 4?
-1
What is the value of 2 - (11 + -16 + 2 + -2)?
7
Calculate 1 + 7 + (-10 - -6).
4
Calculate 2 - (-1 + 7) - (-4 + 3).
-3
4 + (-2 - 0) - 2 - -2
2
Calculate -6 - 0 - (-2 + -3).
-1
Evaluate 7 - (1 + -6 - -14).
-2
Evaluate 0 - (-6 - (-4 + 1) - 5).
8
2 + 1 + 3 + -1
5
Evaluate 2 + 0 + 5 + -3 + -9.
-5
What is (-10 - -5 - -8) + -1 + 4?
6
Calculate (2 + 8 - (18 - 12)) + -5.
-1
Evaluate (8 - 7 - 1) + -6.
-6
2 + (-12 - -5) - -4
-1
Calculate (-19 - (-10 + -9)) + (1 - 1).
0
What is -1 + (5 - 2 - -4) - 5?
1
Calculate 1 - ((1 - 1) + (-12 - -11)).
2
Evaluate -9 + 1 + 9 + (-1 - -1).
1
-2 + 6 + (-1 - -1)
4
What is the value of 4 + (1 - 15) + 7?
-3
Evaluate -3 + 11 + -15 + 13.
6
Calculate (-18 - -20) + -3 - (2 + -1).
-2
-2 - -1 - (-7 + 2 + 1)
3
Evaluate (-14 - (6 + -19)) + 0 + 3.
2
What is 0 - -2 - 3 - (-2 + 1)?
0
What is the value of -12 - (7 - 9 - 15)?
5
Calculate 2 + 0 + 1 - -5.
8
What is the value of -2 + 3 - -2 - (2 - 4)?
5
What is (3 - (4 - 3)) + -6?
-4
Evaluate -1 - 1 - (2 - 0 - 4).
0
-1 + (-1 + 6 - -5) + -2
7
Calculate (-1 - 0) + 3 + (-11 - -8).
-1
Evaluate 7 + (-7 - -3) - 5.
-2
-1 + (4 - 7) - -1
-3
Evaluate (5 + 0 - -2) + -1 - 1.
5
Evaluate -11 + 8 + 8 - (2 + 5).
-2
Evaluate 2 - ((7 - 11) + 5 + 0).
1
What is -1 + (-7 - -3) + 0?
-5
What is 1 - 1 - (-4 + 4)?
0
What is -10 + 6 + (-1 - 3) + 15?
7
What is the value of (42 - 47) + (6 - 2)?
-1
Calculate (1 - 9) + (15 + -8 - 3).
-4
What is the value of 1 + 1 + (-3 - -4 - 3)?
0
Calculate -3 - (-4 - -7) - (-1 + -2).
-3
Evaluate 12 + 3 - 1 - 11.
3
Calculate -4 + (-1 - (-4 - 0)) + -3.
-4
0 - (1 + -1 + (8 - 7))
-1
What is -1 - (7 + -3) - -1?
-4
What is -2 + (-3 - -5) - (-19 - -13)?
6
What is -5 + -1 + -3 + 4?
-5
What is the value of 0 - -4 - (-5 + 3 + 6)?
0
What is -4 + -1 + -3 + 7?
-1
Evaluate 2 - 7 - (5 - (6 - -2)).
-2
-1 + 5 - (7 - 3)
0
Evaluate 39 - 39 - (5 - 2).
-3
Evaluate -26 + 3 - -7 - (-9 - -1).
-8
What is the value of -3 + 2 + (1 - -5)?
5
Evaluate 0 + 1 + 1 - 1.
1
2 - (-3 + 4 + -4)
5
(1 - -3) + 2 + 17 + -17
6
Evaluate -11 + 6 + -4 + 5.
-4
2 - (0 - -1 - 2)
3
What is the value of 3 - -1 - 3 - 5?
-4
6 + -5 + (1 + -9 - -5)
-2
What is the value of (-1 - -6 - 2) + -3 + -1?
-1
What is the value of (3 + -6 - -14) + -5 + -5?
1
What is -5 + 3 - (-17 - -12)?
3
What is the value of (-1 - 0 - -2) + -2?
-1
What is the value of -4 + (2 - (11 + -8))?
-5
-69 + 73 + (-9 - -1)
-4
What is -4 + 5 + 2 + -3 + 3?
3
Calculate 4 + -1 + -12 - -13.
4
-4 + (-1 + -2 - -3)
-4
What is -6 + 14 + (8 - 14 - 2)?
0
-1 + 1 + (5 - 10) - -4
-1
-4 + (2 - (-2 + 3))
-3
Calculate -2 + -2 - (-7 + -2).
5
Calculate (0 - 7) + (13 + 7 - 8).
5
Evaluate 5 - (8 + -8) - (-3 + 1).
7
Calculate 12 - 13 - -7 - 6.
0
What is -4 + -15 + (9 - -3)?
-7
What is the value of (8 - 4) + -3 + (2 - 0)?
3
Calculate -7 - (2 - -2 - (2 - -5)).
-4
Evaluate -6 + -4 + 6 + 7 + -6.
-3
Evaluate 3 + (3 - 7) + 1 + -2.
-2
Evaluate -1 + 0 + 2 + -17 + 9.
-7
Evaluate (0 - -1) + (-47 - -43) - -8.
5
Evaluate 0 - ((-1 - -8) + -2).
-5
What is the value of -6 + (8 - (9 + -4))?
-3
What is -10 + (-8 - 0) + 11?
-7
What is (1 - 1 - 1) + 5 + -4?
0
Calculate -5 - 2 - (1 - 6).
-2
What is -6 + -2 + (4 - -2)?
-2
Evaluate 6 + 0 - (-11 - -10).
7
What is -6 - -1 - (17 + -16)?
-6
3 - ((-2 - 1) + 3 + -2)
5
Calculate -4 - (-9 - (-6 - 3)).
-4
Evaluate 8 - (1 + 8 - 7).
6
-102 + 106 + 0 + (0 - -1)
5
Evaluate 1 + -4 + 7 + -1.
3
-1 - (-8 - 3 - -8)
2
Evaluate 5 - (1 + (2 - 2)) - 7.
-3
6 + -1 + -12 - -10
3
What is the value of 0 + 7 + -1 - (9 - 7)?
4
(2 - (3 - 2)) + -4
-3
What is (53 - 58) + (-1 + 0 - -4)?
-2
-11 - (4 + 0) - -8
-7
E